{"id":6005,"date":"2023-03-12T00:06:54","date_gmt":"2023-03-12T00:06:54","guid":{"rendered":"https:\/\/sbtglobale.com\/?page_id=6005"},"modified":"2023-03-12T00:35:43","modified_gmt":"2023-03-12T00:35:43","slug":"store-enrouleur","status":"publish","type":"page","link":"https:\/\/sbtglobale.com\/?page_id=6005","title":{"rendered":""},"content":{"rendered":"\t\t<div data-elementor-type=\"wp-page\" data-elementor-id=\"6005\" class=\"elementor elementor-6005\">\n\t\t\t\t\t\t\t\t\t<section class=\"elementor-section elementor-top-section elementor-element elementor-element-ec6fcf2 elementor-section-boxed elementor-section-height-default elementor-section-height-default\" data-id=\"ec6fcf2\" data-element_type=\"section\">\n\t\t\t\t\t\t<div class=\"elementor-container elementor-column-gap-default\">\n\t\t\t\t\t<div class=\"elementor-column elementor-col-100 elementor-top-column elementor-element elementor-element-6134590\" data-id=\"6134590\" data-element_type=\"column\">\n\t\t\t<div class=\"elementor-widget-wrap elementor-element-populated\">\n\t\t\t\t\t\t\t\t<div class=\"elementor-element elementor-element-c75f889 elementor-widget elementor-widget-heading\" data-id=\"c75f889\" data-element_type=\"widget\" data-widget_type=\"heading.default\">\n\t\t\t\t<div class=\"elementor-widget-container\">\n\t\t\t<style>\/*! elementor - v3.11.5 - 14-03-2023 *\/\n.elementor-heading-title{padding:0;margin:0;line-height:1}.elementor-widget-heading .elementor-heading-title[class*=elementor-size-]>a{color:inherit;font-size:inherit;line-height:inherit}.elementor-widget-heading .elementor-heading-title.elementor-size-small{font-size:15px}.elementor-widget-heading .elementor-heading-title.elementor-size-medium{font-size:19px}.elementor-widget-heading .elementor-heading-title.elementor-size-large{font-size:29px}.elementor-widget-heading .elementor-heading-title.elementor-size-xl{font-size:39px}.elementor-widget-heading .elementor-heading-title.elementor-size-xxl{font-size:59px}<\/style><h4 class=\"elementor-heading-title elementor-size-default\">STORE ENROULEUR<\/h4>\t\t<\/div>\n\t\t\t\t<\/div>\n\t\t\t\t<div class=\"elementor-element elementor-element-ab73de1 elementor-widget elementor-widget-heading\" data-id=\"ab73de1\" data-element_type=\"widget\" data-widget_type=\"heading.default\">\n\t\t\t\t<div class=\"elementor-widget-container\">\n\t\t\t<h2 class=\"elementor-heading-title elementor-size-default\">Le store enrouleur, commun\u00e9ment appel\u00e9 store rouleau ou store \u00e0 enroulement, est un store commun, que l'on retrouve dans de nombreux int\u00e9rieurs modernes. Il est notamment appr\u00e9ci\u00e9 pour sa facilit\u00e9 d'installation sur une fen\u00eatre et d'utilisation, ainsi que pour son c\u00f4t\u00e9 design. Le store enrouleur se d\u00e9cline dans de nombreux tissus et coloris. Il vous sera possible d'habiller vos fen\u00eatres en coh\u00e9rence avec votre d\u00e9coration int\u00e9rieure. \nLes stores ont pour fonction principale de prot\u00e9ger l'int\u00e9rieur de votre habitat de la lumi\u00e8re directe du soleil. Certains stores, , permettent m\u00eame de contr\u00f4ler le d\u00e9bit lumineux. Ainsi, le store vous prot\u00e8ge de la chaleur.<\/h2>\t\t<\/div>\n\t\t\t\t<\/div>\n\t\t\t\t<div class=\"elementor-element elementor-element-c8f1334 gallery-spacing-custom elementor-widget elementor-widget-image-gallery\" data-id=\"c8f1334\" data-element_type=\"widget\" data-widget_type=\"image-gallery.default\">\n\t\t\t\t<div class=\"elementor-widget-container\">\n\t\t\t<style>\/*! elementor - v3.11.5 - 14-03-2023 *\/\n.elementor-image-gallery .gallery-item{display:inline-block;text-align:center;vertical-align:top;width:100%;max-width:100%;margin:0 auto}.elementor-image-gallery .gallery-item img{margin:0 auto}.elementor-image-gallery .gallery-item .gallery-caption{margin:0}.elementor-image-gallery figure img{display:block}.elementor-image-gallery figure figcaption{width:100%}.gallery-spacing-custom .elementor-image-gallery .gallery-icon{padding:0}@media (min-width:768px){.elementor-image-gallery .gallery-columns-2 .gallery-item{max-width:50%}.elementor-image-gallery .gallery-columns-3 .gallery-item{max-width:33.33%}.elementor-image-gallery .gallery-columns-4 .gallery-item{max-width:25%}.elementor-image-gallery .gallery-columns-5 .gallery-item{max-width:20%}.elementor-image-gallery .gallery-columns-6 .gallery-item{max-width:16.666%}.elementor-image-gallery .gallery-columns-7 .gallery-item{max-width:14.28%}.elementor-image-gallery .gallery-columns-8 .gallery-item{max-width:12.5%}.elementor-image-gallery .gallery-columns-9 .gallery-item{max-width:11.11%}.elementor-image-gallery .gallery-columns-10 .gallery-item{max-width:10%}}@media (min-width:480px) and (max-width:767px){.elementor-image-gallery .gallery.gallery-columns-2 .gallery-item,.elementor-image-gallery .gallery.gallery-columns-3 .gallery-item,.elementor-image-gallery .gallery.gallery-columns-4 .gallery-item,.elementor-image-gallery .gallery.gallery-columns-5 .gallery-item,.elementor-image-gallery .gallery.gallery-columns-6 .gallery-item,.elementor-image-gallery .gallery.gallery-columns-7 .gallery-item,.elementor-image-gallery .gallery.gallery-columns-8 .gallery-item,.elementor-image-gallery .gallery.gallery-columns-9 .gallery-item,.elementor-image-gallery .gallery.gallery-columns-10 .gallery-item{max-width:50%}}@media (max-width:479px){.elementor-image-gallery .gallery.gallery-columns-2 .gallery-item,.elementor-image-gallery .gallery.gallery-columns-3 .gallery-item,.elementor-image-gallery .gallery.gallery-columns-4 .gallery-item,.elementor-image-gallery .gallery.gallery-columns-5 .gallery-item,.elementor-image-gallery .gallery.gallery-columns-6 .gallery-item,.elementor-image-gallery .gallery.gallery-columns-7 .gallery-item,.elementor-image-gallery .gallery.gallery-columns-8 .gallery-item,.elementor-image-gallery .gallery.gallery-columns-9 .gallery-item,.elementor-image-gallery .gallery.gallery-columns-10 .gallery-item{max-width:100%}}<\/style>\t\t<div class=\"elementor-image-gallery\">\n\t\t\t\n\t\t<style type=\"text\/css\">\n\t\t\t#gallery-1 {\n\t\t\t\tmargin: auto;\n\t\t\t}\n\t\t\t#gallery-1 .gallery-item {\n\t\t\t\tfloat: left;\n\t\t\t\tmargin-top: 10px;\n\t\t\t\ttext-align: center;\n\t\t\t\twidth: 33%;\n\t\t\t}\n\t\t\t#gallery-1 img {\n\t\t\t\tborder: 2px solid #cfcfcf;\n\t\t\t}\n\t\t\t#gallery-1 .gallery-caption {\n\t\t\t\tmargin-left: 0;\n\t\t\t}\n\t\t\t\/* see gallery_shortcode() in wp-includes\/media.php *\/\n\t\t<\/style>\n\t\t<div id='gallery-1' class='gallery galleryid-6005 gallery-columns-3 gallery-size-full'><dl class='gallery-item'>\n\t\t\t<dt class='gallery-icon portrait'>\n\t\t\t\t<img width=\"328\" height=\"430\" src=\"https:\/\/sbtglobale.com\/wp-content\/uploads\/2023\/03\/1677844053448.jpg\" class=\"attachment-full size-full\" alt=\"\" decoding=\"async\" loading=\"lazy\" srcset=\"https:\/\/sbtglobale.com\/wp-content\/uploads\/2023\/03\/1677844053448.jpg 328w, https:\/\/sbtglobale.com\/wp-content\/uploads\/2023\/03\/1677844053448-229x300.jpg 229w\" sizes=\"(max-width: 328px) 100vw, 328px\" \/>\n\t\t\t<\/dt><\/dl><dl class='gallery-item'>\n\t\t\t<dt class='gallery-icon portrait'>\n\t\t\t\t<img width=\"332\" height=\"430\" src=\"https:\/\/sbtglobale.com\/wp-content\/uploads\/2023\/03\/1677844072608-Copie.jpg\" class=\"attachment-full size-full\" alt=\"\" decoding=\"async\" loading=\"lazy\" srcset=\"https:\/\/sbtglobale.com\/wp-content\/uploads\/2023\/03\/1677844072608-Copie.jpg 332w, https:\/\/sbtglobale.com\/wp-content\/uploads\/2023\/03\/1677844072608-Copie-232x300.jpg 232w\" sizes=\"(max-width: 332px) 100vw, 332px\" \/>\n\t\t\t<\/dt><\/dl><dl class='gallery-item'>\n\t\t\t<dt class='gallery-icon portrait'>\n\t\t\t\t<img width=\"312\" height=\"430\" src=\"https:\/\/sbtglobale.com\/wp-content\/uploads\/2023\/03\/1677844093621-Copie.jpg\" class=\"attachment-full size-full\" alt=\"\" decoding=\"async\" loading=\"lazy\" srcset=\"https:\/\/sbtglobale.com\/wp-content\/uploads\/2023\/03\/1677844093621-Copie.jpg 312w, https:\/\/sbtglobale.com\/wp-content\/uploads\/2023\/03\/1677844093621-Copie-218x300.jpg 218w\" sizes=\"(max-width: 312px) 100vw, 312px\" \/>\n\t\t\t<\/dt><\/dl><br style=\"clear: both\" \/><dl class='gallery-item'>\n\t\t\t<dt class='gallery-icon portrait'>\n\t\t\t\t<img width=\"516\" height=\"705\" src=\"https:\/\/sbtglobale.com\/wp-content\/uploads\/2023\/03\/IMG-20201227-WA0026-6-1.jpg\" class=\"attachment-full size-full\" alt=\"\" decoding=\"async\" loading=\"lazy\" srcset=\"https:\/\/sbtglobale.com\/wp-content\/uploads\/2023\/03\/IMG-20201227-WA0026-6-1.jpg 516w, https:\/\/sbtglobale.com\/wp-content\/uploads\/2023\/03\/IMG-20201227-WA0026-6-1-220x300.jpg 220w\" sizes=\"(max-width: 516px) 100vw, 516px\" \/>\n\t\t\t<\/dt><\/dl><dl class='gallery-item'>\n\t\t\t<dt class='gallery-icon portrait'>\n\t\t\t\t<img width=\"405\" height=\"541\" src=\"https:\/\/sbtglobale.com\/wp-content\/uploads\/2023\/03\/IMG-20201227-WA0023-4-Copie-2.jpg\" class=\"attachment-full size-full\" alt=\"\" decoding=\"async\" loading=\"lazy\" srcset=\"https:\/\/sbtglobale.com\/wp-content\/uploads\/2023\/03\/IMG-20201227-WA0023-4-Copie-2.jpg 405w, https:\/\/sbtglobale.com\/wp-content\/uploads\/2023\/03\/IMG-20201227-WA0023-4-Copie-2-225x300.jpg 225w\" sizes=\"(max-width: 405px) 100vw, 405px\" \/>\n\t\t\t<\/dt><\/dl><dl class='gallery-item'>\n\t\t\t<dt class='gallery-icon portrait'>\n\t\t\t\t<img width=\"292\" height=\"378\" src=\"https:\/\/sbtglobale.com\/wp-content\/uploads\/2023\/03\/IMG-20201227-WA0024-7-Copie-3.jpg\" class=\"attachment-full size-full\" alt=\"\" decoding=\"async\" loading=\"lazy\" srcset=\"https:\/\/sbtglobale.com\/wp-content\/uploads\/2023\/03\/IMG-20201227-WA0024-7-Copie-3.jpg 292w, https:\/\/sbtglobale.com\/wp-content\/uploads\/2023\/03\/IMG-20201227-WA0024-7-Copie-3-232x300.jpg 232w\" sizes=\"(max-width: 292px) 100vw, 292px\" \/>\n\t\t\t<\/dt><\/dl><br style=\"clear: both\" \/>\n\t\t<\/div>\n\t\t<\/div>\n\t\t\t\t<\/div>\n\t\t\t\t<\/div>\n\t\t\t\t\t<\/div>\n\t\t<\/div>\n\t\t\t\t\t\t\t<\/div>\n\t\t<\/section>\n\t\t\t\t<section class=\"elementor-section elementor-top-section elementor-element elementor-element-109a76c2 elementor-section-content-middle elementor-section-boxed elementor-section-height-default elementor-section-height-default\" data-id=\"109a76c2\" data-element_type=\"section\">\n\t\t\t\t\t\t<div class=\"elementor-container elementor-column-gap-default\">\n\t\t\t\t\t<div class=\"elementor-column elementor-col-50 elementor-top-column elementor-element elementor-element-49f4c81b\" data-id=\"49f4c81b\" data-element_type=\"column\">\n\t\t\t<div class=\"elementor-widget-wrap elementor-element-populated\">\n\t\t\t\t\t\t\t\t<div class=\"elementor-element elementor-element-235c1285 elementor-widget elementor-widget-heading\" data-id=\"235c1285\" data-element_type=\"widget\" data-widget_type=\"heading.default\">\n\t\t\t\t<div class=\"elementor-widget-container\">\n\t\t\t<h3 class=\"elementor-heading-title elementor-size-large\">Comment fonctionne un store enrouleur ?\n<\/h3>\t\t<\/div>\n\t\t\t\t<\/div>\n\t\t\t\t<div class=\"elementor-element elementor-element-6c3e9bcb elementor-widget elementor-widget-text-editor\" data-id=\"6c3e9bcb\" data-element_type=\"widget\" data-widget_type=\"text-editor.default\">\n\t\t\t\t<div class=\"elementor-widget-container\">\n\t\t\t<style>\/*! elementor - v3.11.5 - 14-03-2023 *\/\n.elementor-widget-text-editor.elementor-drop-cap-view-stacked .elementor-drop-cap{background-color:#818a91;color:#fff}.elementor-widget-text-editor.elementor-drop-cap-view-framed .elementor-drop-cap{color:#818a91;border:3px solid;background-color:transparent}.elementor-widget-text-editor:not(.elementor-drop-cap-view-default) .elementor-drop-cap{margin-top:8px}.elementor-widget-text-editor:not(.elementor-drop-cap-view-default) .elementor-drop-cap-letter{width:1em;height:1em}.elementor-widget-text-editor .elementor-drop-cap{float:left;text-align:center;line-height:1;font-size:50px}.elementor-widget-text-editor .elementor-drop-cap-letter{display:inline-block}<\/style>\t\t\t\t<p><span class=\"wsw-37\">Comme son nom l&#8217;indique, le store enrouleur est compos\u00e9 d&#8217;un tube, souvent en aluminium extrud\u00e9, sur lequel est enroul\u00e9 une toile. De chaque c\u00f4t\u00e9 du tube, vient se fixer le m\u00e9canisme qui permettra, par la suite, l&#8217;enroulement et le d\u00e9roulement du store. Pour ce faire, il vous suffira de manipuler la cha\u00eenette vers le bas ou le haut. Pour un rendu esth\u00e9tique, le m\u00e9canisme est ensuite dissimul\u00e9 aux deux extr\u00e9mit\u00e9s par des caches pour fixation.<\/span><\/p><p><span class=\"wsw-37\">Bon \u00e0 savoir : si vous optez pour un store enrouleur motoris\u00e9, le moteur est directement install\u00e9 dans le tube du store. Le moteur n&#8217;entache ainsi en rien le design du store enrouleur mais vous facilitera grandement la vie, surtout pour des stores de grandes dimensions.<\/span><\/p><p>\u00a0<\/p>\t\t\t\t\t\t<\/div>\n\t\t\t\t<\/div>\n\t\t\t\t\t<\/div>\n\t\t<\/div>\n\t\t\t\t<div class=\"elementor-column elementor-col-50 elementor-top-column elementor-element elementor-element-483e3f39\" data-id=\"483e3f39\" data-element_type=\"column\">\n\t\t\t<div class=\"elementor-widget-wrap elementor-element-populated\">\n\t\t\t\t\t\t\t\t<div class=\"elementor-element elementor-element-52caaf7 elementor-widget elementor-widget-image\" data-id=\"52caaf7\" data-element_type=\"widget\" data-widget_type=\"image.default\">\n\t\t\t\t<div class=\"elementor-widget-container\">\n\t\t\t<style>\/*! elementor - v3.11.5 - 14-03-2023 *\/\n.elementor-widget-image{text-align:center}.elementor-widget-image a{display:inline-block}.elementor-widget-image a img[src$=\".svg\"]{width:48px}.elementor-widget-image img{vertical-align:middle;display:inline-block}<\/style>\t\t\t\t\t\t\t\t\t\t\t\t<img decoding=\"async\" width=\"400\" height=\"400\" src=\"https:\/\/sbtglobale.com\/wp-content\/uploads\/2023\/03\/categ-duo.jpg\" class=\"attachment-full size-full wp-image-6029\" alt=\"\" loading=\"lazy\" srcset=\"https:\/\/sbtglobale.com\/wp-content\/uploads\/2023\/03\/categ-duo.jpg 400w, https:\/\/sbtglobale.com\/wp-content\/uploads\/2023\/03\/categ-duo-300x300.jpg 300w, https:\/\/sbtglobale.com\/wp-content\/uploads\/2023\/03\/categ-duo-150x150.jpg 150w\" sizes=\"(max-width: 400px) 100vw, 400px\" \/>\t\t\t\t\t\t\t\t\t\t\t\t\t\t\t<\/div>\n\t\t\t\t<\/div>\n\t\t\t\t\t<\/div>\n\t\t<\/div>\n\t\t\t\t\t\t\t<\/div>\n\t\t<\/section>\n\t\t\t\t\t\t\t<\/div>\n\t\t","protected":false},"excerpt":{"rendered":"<p>STORE ENROULEUR Le store enrouleur, commun\u00e9ment appel\u00e9 store rouleau ou store \u00e0 enroulement, est un store commun, que l&#8217;on retrouve dans de nombreux int\u00e9rieurs modernes. Il est notamment appr\u00e9ci\u00e9 pour sa facilit\u00e9 d&#8217;installation sur une fen\u00eatre et d&#8217;utilisation, ainsi que pour son c\u00f4t\u00e9 design. Le store enrouleur se d\u00e9cline dans de nombreux tissus et coloris. [&hellip;]<\/p>\n","protected":false},"author":1,"featured_media":0,"parent":0,"menu_order":0,"comment_status":"closed","ping_status":"closed","template":"","meta":{"_joinchat":[]},"_links":{"self":[{"href":"https:\/\/sbtglobale.com\/index.php?rest_route=\/wp\/v2\/pages\/6005"}],"collection":[{"href":"https:\/\/sbtglobale.com\/index.php?rest_route=\/wp\/v2\/pages"}],"about":[{"href":"https:\/\/sbtglobale.com\/index.php?rest_route=\/wp\/v2\/types\/page"}],"author":[{"embeddable":true,"href":"https:\/\/sbtglobale.com\/index.php?rest_route=\/wp\/v2\/users\/1"}],"replies":[{"embeddable":true,"href":"https:\/\/sbtglobale.com\/index.php?rest_route=%2Fwp%2Fv2%2Fcomments&post=6005"}],"version-history":[{"count":14,"href":"https:\/\/sbtglobale.com\/index.php?rest_route=\/wp\/v2\/pages\/6005\/revisions"}],"predecessor-version":[{"id":6045,"href":"https:\/\/sbtglobale.com\/index.php?rest_route=\/wp\/v2\/pages\/6005\/revisions\/6045"}],"wp:attachment":[{"href":"https:\/\/sbtglobale.com\/index.php?rest_route=%2Fwp%2Fv2%2Fmedia&parent=6005"}],"curies":[{"name":"wp","href":"https:\/\/api.w.org\/{rel}","templated":true}]}}